{"id":1046,"date":"2019-09-22T19:57:37","date_gmt":"2019-09-22T22:57:37","guid":{"rendered":"http:\/\/casalarovere.com.ar\/?post_type=product&#038;p=1046"},"modified":"2019-09-22T19:59:15","modified_gmt":"2019-09-22T22:59:15","slug":"cod-cl32","status":"publish","type":"product","link":"https:\/\/casalarovere.com.ar\/index.php\/product\/cod-cl32\/","title":{"rendered":"Cod. CL32"},"content":{"rendered":"<div class=\"pf_container\">\n<div class=\"pf_desc\">\n<div class=\"pf_container\">\n<div class=\"pf_desc\">\n<div class=\"clr\">\n<div class=\"clr\">\n<div class=\"pf_container\">\n<div class=\"pf_desc\">\n<div class=\"pf_container\">\n<div class=\"pf_desc\">\n<div class=\"pf_container\">\n<div class=\"pf_desc\">\n<div class=\"clr\">\n<div class=\"clr\">\n<div class=\"pf_container\">\n<div class=\"pf_desc\">\n<div class=\"pf_container\">\n<div class=\"pf_desc\">\n<div class=\"pf_container\">\n<div class=\"pf_desc\">\n<div class=\"clr\">\n<div class=\"pf_container\">\n<div class=\"pf_desc\">\n<div class=\"pf_container\">\n<div class=\"pf_desc\">\n<div class=\"pf_container\">\n<div class=\"pf_desc\">\n<div class=\"pf_container\">\n<div class=\"pf_desc\">\n<div class=\"pf_container\">\n<div class=\"pf_desc\">\n<p>Elevador de cuerpos plegable. Gran capacidad de carga y robustez. Ca\u00f1o estructural de 2mm de espesor. Ruedas con rodamientos a bolas y recubrimiento de goma. Accionamiento hidr\u00e1ulico. Bandas de sujeci\u00f3n ajustables. Altura m\u00e1xima 2 mts. \/ altura m\u00ednima 0.2 mts. \/ largo de pluma1.2 mts \/ abertura de patas 1 mt \/ larto total 1.3 mts. \/ Altura total 1.5 mts \/ peso 50 kg..<\/p>\n<\/div>\n<\/div>\n<div class=\"clr\">\n<div class=\"pf_container\"><\/div>\n<\/div>\n<\/div>\n<\/div>\n<div class=\"clr\"><\/div>\n<div class=\"clr\">\n<div class=\"pf_container\"><\/div>\n<div class=\"clr\"><\/div>\n<\/div>\n<div class=\"clr\"><\/div>\n<div class=\"clr\"><\/div>\n<div class=\"clr\"><\/div>\n<\/div>\n<\/div>\n<div class=\"clr\"><\/div>\n<\/div>\n<\/div>\n<div class=\"clr\"><\/div>\n<\/div>\n<\/div>\n<div class=\"clr\">\n<div class=\"clr\"><\/div>\n<\/div>\n<\/div>\n<div class=\"clr\"><\/div>\n<div class=\"clr\"><\/div>\n<div class=\"clr\"><\/div>\n<\/div>\n<\/div>\n<div class=\"clr\">\n<div class=\"pf_container\"><\/div>\n<\/div>\n<\/div>\n<\/div>\n<div class=\"clr\"><\/div>\n<div class=\"pf_container\"><\/div>\n<\/div>\n<\/div>\n<div class=\"clr\"><\/div>\n<\/div>\n<\/div>\n<div class=\"clr\"><\/div>\n<div class=\"clr\"><\/div>\n<div class=\"clr\"><\/div>\n<\/div>\n<\/div>\n<div class=\"clr\">\n<div class=\"pf_container\"><\/div>\n<\/div>\n<\/div>\n<\/div>\n<div class=\"clr\"><\/div>\n<div class=\"pf_container\"><\/div>\n<\/div>\n<\/div>\n<\/div>\n<\/div>\n<\/div>\n<\/div>\n<div class=\"clr\">\n<div class=\"pf_container\"><\/div>\n<\/div>\n<\/div>\n<\/div>\n<div class=\"clr\">\n<div class=\"pf_container\"><\/div>\n<\/div>\n","protected":false},"excerpt":{"rendered":"<p>Elevador de cuerpos plegable. Gran capacidad de carga y robustez. Ca\u00f1o estructural de 2mm de espesor. Ruedas con rodamientos a bolas y recubrimiento de goma. Accionamiento hidr\u00e1ulico. Bandas de sujeci\u00f3n ajustables. Altura m\u00e1xima 2 mts. \/ altura m\u00ednima 0.2 mts. \/ largo de pluma1.2 mts \/ abertura de patas 1 mt \/ larto total 1.3&hellip; <br \/> <a class=\"read-more\" href=\"https:\/\/casalarovere.com.ar\/index.php\/product\/cod-cl32\/\">Leer m\u00e1s<\/a><\/p>\n","protected":false},"featured_media":1047,"comment_status":"open","ping_status":"closed","template":"","meta":[],"product_brand":[],"product_cat":[96],"product_tag":[],"class_list":{"0":"post-1046","1":"product","2":"type-product","3":"status-publish","4":"has-post-thumbnail","6":"product_cat-tanatopraxia","8":"first","9":"instock","10":"shipping-taxable","11":"product-type-simple"},"_links":{"self":[{"href":"https:\/\/casalarovere.com.ar\/index.php\/wp-json\/wp\/v2\/product\/1046","targetHints":{"allow":["GET"]}}],"collection":[{"href":"https:\/\/casalarovere.com.ar\/index.php\/wp-json\/wp\/v2\/product"}],"about":[{"href":"https:\/\/casalarovere.com.ar\/index.php\/wp-json\/wp\/v2\/types\/product"}],"replies":[{"embeddable":true,"href":"https:\/\/casalarovere.com.ar\/index.php\/wp-json\/wp\/v2\/comments?post=1046"}],"wp:featuredmedia":[{"embeddable":true,"href":"https:\/\/casalarovere.com.ar\/index.php\/wp-json\/wp\/v2\/media\/1047"}],"wp:attachment":[{"href":"https:\/\/casalarovere.com.ar\/index.php\/wp-json\/wp\/v2\/media?parent=1046"}],"wp:term":[{"taxonomy":"product_brand","embeddable":true,"href":"https:\/\/casalarovere.com.ar\/index.php\/wp-json\/wp\/v2\/product_brand?post=1046"},{"taxonomy":"product_cat","embeddable":true,"href":"https:\/\/casalarovere.com.ar\/index.php\/wp-json\/wp\/v2\/product_cat?post=1046"},{"taxonomy":"product_tag","embeddable":true,"href":"https:\/\/casalarovere.com.ar\/index.php\/wp-json\/wp\/v2\/product_tag?post=1046"}],"curies":[{"name":"wp","href":"https:\/\/api.w.org\/{rel}","templated":true}]}}