{"id":543,"date":"2019-07-23T17:26:34","date_gmt":"2019-07-23T20:26:34","guid":{"rendered":"http:\/\/casalarovere.com.ar\/index.php\/mesmerize\/"},"modified":"2021-04-21T08:36:09","modified_gmt":"2021-04-21T11:36:09","slug":"mesmerize","status":"publish","type":"page","link":"https:\/\/casalarovere.com.ar\/","title":{"rendered":"Home"},"content":{"rendered":"<div  class=\"overlappable-7-mc content-section content-section-spacing\" id=\"overlappable-1\" data-export-id=\"overlappable-7-mc\" data-category=\"overlappable\" data-overlap=\"true\" data-id=\"overlappable-7-mc\" data-label=\"Overlappable\"><div  class=\"gridContainer\"> <div  class=\"row shadow\" data-type=\"row\"><div  class=\"col-xs-12 col-sm-6 col-padding-small col-padding-small-xs bg-color-white col-md-4 \"> <div  class=\"text-center\"><div  class=\"col-xs-12 col-sm-fit space-bottom-small-xs\"> <i  class=\"fa icon color-black fa-check-square-o large\"><\/i><\/div> <div  class=\"col-xs-12 col-sm\" data-type=\"column\"><h4  class=\"\">Responsabilidad<\/h4> <\/div> <\/div><\/div> <div  class=\"col-xs-12 col-sm-6 col-padding-small col-padding-small-xs bg-color-white col-md-4 \"><div  class=\"text-center\"> <div  class=\"col-xs-12 col-sm-fit space-bottom-small-xs\"><i  class=\"fa icon color-black fa-check-square-o large\"><\/i><\/div> <div  class=\"col-xs-12 col-sm\" data-type=\"column\"><h4  class=\"\">Seriedad<\/h4> <\/div> <\/div><\/div>  <div  class=\"col-xs-12 col-sm-6 col-padding-small col-padding-small-xs bg-color-white col-md-4 \"><div  class=\"text-center\"> <div  class=\"col-xs-12 col-sm-fit space-bottom-small-xs\"><i  class=\"fa icon color-black fa-check-square-o large\"><\/i><\/div> <div  class=\"col-xs-12 col-sm\" data-type=\"column\"><h4  class=\"\">Compromiso<\/h4> <\/div> <\/div><\/div> <\/div><\/div> <\/div><div  class=\"about-images-right-section content-section content-section-spacing\" id=\"about-1\" style=\"background-color: #ffffff;\" data-export-id=\"about-images-right-section-mc\" data-category=\"about\" data-id=\"about-images-right-section-mc\" data-label=\"About\"><div  class=\"gridContainer\"> <div  class=\"row middle-sm text-center\"><div  class=\"col-sm-5 content-left-sm\" data-type=\"column\"> <h5  class=\"\">Nuestra Empresa<\/h5><h2  class=\"\">Seguridad y &nbsp;<br ><span  style=\"font-family: Playfair Display,sans-serif; font-weight: 700; font-style: italic;\" href=\"#\">confianza en todos <\/span>los detalles<\/h2> <p  class=\"\">Casa Larovere fue fundada en 1972 por el Sr. N\u00e9lido Larovere, originalmente dedicada al pulido y refacci\u00f3n de capillas ardientes. Por aquellos a\u00f1os, no exist\u00edan salas velatorias, por lo que cada empresa (cocher\u00eda) deb\u00eda tener un buen stock de capillas en condiciones \u00f3ptimas.<br >Con el paso del tiempo y los cambios que se fueron efectuando tanto econ\u00f3mica como comercialmente, comenzamos a ver la necesidad de ampliar nuestra oferta de servicios, as\u00ed como tambi\u00e9n, de mejorar la calidad de los mismos.<br >Desde la aparici\u00f3n de las Salas Velatorias y las primeras Cooperativas, y ya de la mano de uno de los hijos de Don N\u00e9lido, la empresa fue creciendo y expandiendo sus fronteras. As\u00ed hoy logra brindar un servicio integral y permanente a todas las empresas ligadas al rubro.<br >Gracias a nuestros amigos y clientes que confiaron en nosotros y apoyaron nuestro emprendimiento, hoy nos mantenemos vigentes y en constante crecimiento.<\/p> <\/div> <div  class=\"col-sm-7 space-bottom-xs\"><div  class=\"image-group-side-3-img\"> <img decoding=\"async\"  title=\"cropped-026.jpg\" class=\"topimg shadow-large\" alt=\"\" src=\"https:\/\/casalarovere.com.ar\/wp-content\/uploads\/2019\/07\/cropped-026.jpg\"> <img decoding=\"async\"  title=\"cropped-021.jpg\" class=\"rightimg shadow-large\" alt=\"\" src=\"https:\/\/casalarovere.com.ar\/wp-content\/uploads\/2019\/07\/cropped-021.jpg\"> <div  class=\"leftimg\"> <img decoding=\"async\"  title=\"cropped-WhatsApp-Image-2019-07-11-at-09.38.431.jpeg\" class=\"shadow-large\" alt=\"\" src=\"https:\/\/casalarovere.com.ar\/wp-content\/uploads\/2019\/07\/cropped-WhatsApp-Image-2019-07-11-at-09.38.431.jpeg\"><\/div> <\/div><\/div> <\/div><\/div> <\/div><div  class=\"features-16-card-bordered content-section content-section-spacing\" id=\"features-10\" style=\"background-color: #f5fafd;\" data-export-id=\"features-16-card-bordered\" data-category=\"features\" data-id=\"features-16-card-bordered\" data-label=\"Features\"><div  class=\"gridContainer\"> <div  class=\"row text-center\"><div  class=\"section-title-col\" data-type=\"column\"><h2  class=\"\">Profesionalismo<\/h2><p  class=\"lead\">Contamos con personal altamente capacitado para asesorarlo en todos nuestros productos y servicios<\/p><\/div> <\/div> <div  class=\"row spaced-cols\" data-type=\"row\"> <div  class=\"col-xs-12 col-sm-6 col-md-4\"> <div  class=\"card no-padding bordered y-move\"> <img decoding=\"async\"  title=\"cropped-WhatsApp-Image-2019-07-11-at-09.38.461.jpeg\" class=\"face\" alt=\"\" src=\"https:\/\/casalarovere.com.ar\/wp-content\/uploads\/2019\/07\/cropped-WhatsApp-Image-2019-07-11-at-09.38.461.jpeg\"> <div  class=\"col-padding-small col-padding-small-xs description-container\" data-type=\"column\">  <\/div> <div  class=\"col-padding-small col-padding-small-xs read-more-container\" data-type=\"column\"><\/div> <\/div><\/div> <div  class=\"col-xs-12 col-sm-6 col-md-4\"><div  class=\"card no-padding bordered y-move\"> <img decoding=\"async\"  title=\"cropped-DSC04224.jpg\" class=\"face\" alt=\"\" src=\"https:\/\/casalarovere.com.ar\/wp-content\/uploads\/2019\/07\/cropped-DSC04224.jpg\"> <div  class=\"col-padding-small col-padding-small-xs description-container\" data-type=\"column\">  <\/div> <div  class=\"col-padding-small col-padding-small-xs read-more-container\" data-type=\"column\"><\/div> <\/div><\/div> <div  class=\"col-xs-12 col-sm-6 col-md-4\"><div  class=\"card no-padding bordered y-move\"> <img decoding=\"async\"  title=\"cropped-WhatsApp-Image-2019-07-11-at-09.38.421.jpeg\" class=\"face\" alt=\"\" src=\"https:\/\/casalarovere.com.ar\/wp-content\/uploads\/2019\/07\/cropped-WhatsApp-Image-2019-07-11-at-09.38.421.jpeg\"> <div  class=\"col-padding-small col-padding-small-xs description-container\" data-type=\"column\">  <\/div> <div  class=\"col-padding-small col-padding-small-xs read-more-container\" data-type=\"column\"><\/div> <\/div><\/div> <\/div><\/div> <\/div><div  class=\"contact-1 content-section content-section-spacing white-text\" id=\"contact-1\" data-export-id=\"contact-1\" data-category=\"contact\" data-parallax-depth=\"20\" data-id=\"contact-1\" data-label=\"Contact\"><div  class=\"gridContainer\"> <div  class=\"row text-center\"><div  class=\"section-title-col\" data-type=\"column\"> <h2  class=\"\">Cont\u00e1ctanos<\/h2> <p  class=\"lead\">Completa el formulario de contacto con tus datos y a la brevedad nos comunicaremos.<\/p><\/div> <\/div> <div  class=\"row text-center\"> <div  class=\"col-xs-12 col-sm-8 col-sm-offset-2 contact-form-wrapper inline-info\"> <div  class=\"card large-padding\"> <div  data-content-shortcode=\"mesmerize_contact_form\" data-editable=\"true\"><p style=\"text-align:center;color:#ababab\">El formulario de contacto aparecer\u00e1 aqu\u00ed. Para activarlo, debes ajustar el par\u00e1metro \"shortcode formulario de contacto\u201d en el personalizador.<\/p><\/div><\/div> <\/div><\/div> <\/div><\/div>","protected":false},"excerpt":{"rendered":"<p>Responsabilidad Seriedad Compromiso Nuestra EmpresaSeguridad y &nbsp;confianza en todos los detalles Casa Larovere fue fundada en 1972 por el Sr. N\u00e9lido Larovere, originalmente dedicada al pulido y refacci\u00f3n de capillas ardientes. Por aquellos a\u00f1os, no exist\u00edan salas velatorias, por lo que cada empresa (cocher\u00eda) deb\u00eda tener un buen stock de capillas en condiciones \u00f3ptimas.Con el&hellip; <br \/> <a class=\"read-more\" href=\"https:\/\/casalarovere.com.ar\/\">Leer m\u00e1s<\/a><\/p>\n","protected":false},"author":1,"featured_media":0,"parent":0,"menu_order":0,"comment_status":"closed","ping_status":"closed","template":"page-templates\/homepage.php","meta":{"footnotes":""},"class_list":["post-543","page","type-page","status-publish","hentry"],"_hostinger_reach_plugin_has_subscription_block":false,"_hostinger_reach_plugin_is_elementor":false,"_links":{"self":[{"href":"https:\/\/casalarovere.com.ar\/index.php\/wp-json\/wp\/v2\/pages\/543","targetHints":{"allow":["GET"]}}],"collection":[{"href":"https:\/\/casalarovere.com.ar\/index.php\/wp-json\/wp\/v2\/pages"}],"about":[{"href":"https:\/\/casalarovere.com.ar\/index.php\/wp-json\/wp\/v2\/types\/page"}],"author":[{"embeddable":true,"href":"https:\/\/casalarovere.com.ar\/index.php\/wp-json\/wp\/v2\/users\/1"}],"replies":[{"embeddable":true,"href":"https:\/\/casalarovere.com.ar\/index.php\/wp-json\/wp\/v2\/comments?post=543"}],"version-history":[{"count":6,"href":"https:\/\/casalarovere.com.ar\/index.php\/wp-json\/wp\/v2\/pages\/543\/revisions"}],"predecessor-version":[{"id":828,"href":"https:\/\/casalarovere.com.ar\/index.php\/wp-json\/wp\/v2\/pages\/543\/revisions\/828"}],"wp:attachment":[{"href":"https:\/\/casalarovere.com.ar\/index.php\/wp-json\/wp\/v2\/media?parent=543"}],"curies":[{"name":"wp","href":"https:\/\/api.w.org\/{rel}","templated":true}]}}